{"id":2100,"date":"2019-10-10T22:46:03","date_gmt":"2019-10-10T20:46:03","guid":{"rendered":"http:\/\/wyszkowskaatlantyda.mazowsze.pl\/?page_id=2100"},"modified":"2020-03-17T22:20:56","modified_gmt":"2020-03-17T21:20:56","slug":"bibliografia-historii-wyszkowa-opracowania","status":"publish","type":"page","link":"https:\/\/wyszkowskaatlantyda.mazowsze.pl\/index.php\/bibliografia-historii-wyszkowa-opracowania\/","title":{"rendered":"Bibliografia historii Wyszkowa"},"content":{"rendered":"<p style=\"text-align: center;\"><em>sporz\u0105dzona wed\u0142ug zasad<\/em><\/p>\n<p style=\"text-align: center;\"><em>Polskiej Normy ISO 690: 2012<\/em><\/p>\n<p style=\"text-align: center;\"><em>autor: Piotr J. Kosi\u0144ski<\/em><\/p>\n<p style=\"text-align: center;\"><em>data ostatniej aktualizacji: 17.03.2020 r.<\/em><\/p>\n<hr \/>\n<p>&nbsp;<\/p>\n<p><strong>WYDAWNICTWA ZWARTE<\/strong><\/p>\n<p style=\"text-align: justify;\"><strong>CZERNIAK<\/strong> Lech (red.): Od paleolitu do nowo\u017cytno\u015bci. Archeologiczne badania ratownicze na trasie budowy obwodnicy Wyszkowa. Gda\u0144sk: Wydawnictwo Uniwersytetu Gda\u0144skiego, 2007.<\/p>\n<p style=\"text-align: justify;\"><strong>DASZKOWSKI<\/strong> Eugeniusz A.: M\u00f3j Wyszk\u00f3w. Szczecin: nak\u0142adem autora, 1996.<\/p>\n<p style=\"text-align: justify;\"><strong>DASZKOWSKI<\/strong> Eugeniusz A.: Wyszkowskie wspomnienia. Szczecin: &#8220;Albatros&#8221;, 2000.<\/p>\n<p style=\"text-align: justify;\"><strong>DEPTU\u0141A<\/strong> Kazimierz: Moje drogi do Ojczyzny. Wyszk\u00f3w: &#8220;Edytor&#8221;, 2003.<\/p>\n<p style=\"text-align: justify;\"><strong>D\u0118BEK<\/strong> Grzegorz: Dzieje i duszpasterstwo parafii \u015bw. Wojciecha w Wyszkowie w latach 1982-2014. Wyszk\u00f3w: nak\u0142adem autora, 2018.<\/p>\n<p style=\"text-align: justify;\"><strong>DYGAN<\/strong> J\u00f3zef (red.): Dzieje Zwi\u0105zku Nauczycielstwa Polskiego w Wyszkowie w latach 1975-2004. Wyszk\u00f3w: &#8220;Edytor&#8221;, 2004.<\/p>\n<p style=\"text-align: justify;\"><strong>GIMPEL<\/strong> Dioniza: Dzieje Wyszkowa. Warszawa: Mazowiecki O\u015brodek Bada\u0144 Naukowych im. Stanis\u0142awa Herbsta, 1984.<\/p>\n<p style=\"text-align: justify;\"><strong>GRZYBOWSKI<\/strong> Stanis\u0142aw: Nadzieja z tamtych lat : dzieje Armii Krajowej na Ziemi Wyszkowskiej. Warszawa: &#8220;Novum&#8221;, 1990.<\/p>\n<p style=\"text-align: justify;\"><strong>JASZCZUK<\/strong> Jolanta (red.): Historia Gimnazjum i Liceum Og\u00f3lnokszta\u0142c\u0105cego w Wyszkowie. Wyd. 2. Wyszk\u00f3w: Towarzystwo Ziemi Wyszkowskiej, 1994.<\/p>\n<p style=\"text-align: justify;\"><strong>JASZCZUK<\/strong> Jolanta: Historia Gimnazjum i Liceum Og\u00f3lnokszta\u0142c\u0105cego w Wyszkowie. Wyszk\u00f3w: Towarzystwo Ziemi Wyszkowskiej, 1984.<\/p>\n<p style=\"text-align: justify;\"><strong>JAWORSKA<\/strong> Sylwia: Zarys dziej\u00f3w Biblioteki Pedagogicznej w Ostro\u0142\u0119ce Filii w Wyszkowie (1956-2010). Wyszk\u00f3w &#8211; Leszczyd\u00f3\u0142 Stary: nak\u0142adem autora, 2011.<\/p>\n<p style=\"text-align: justify;\"><strong>KACZY\u0143SKA<\/strong> Ewa: Dwie d\u0142ugo\u015bci \u017cycia sosny : Nadle\u015bnictwo Wyszk\u00f3w wczoraj i dzi\u015b, 1794-2014. Leszczyd\u00f3\u0142 Nowiny &#8211; Pu\u0142tusk &#8211; Wyszk\u00f3w: Nadle\u015bnictwo Wyszk\u00f3w, 2014.<\/p>\n<p style=\"text-align: justify;\"><strong>KOSI\u0143SKI<\/strong> Janusz W. (red.): Wyszk\u00f3w, Puszcza Bia\u0142a i Kamieniecka: materia\u0142y do geografii i historii. Wyd. 2. Wyszk\u00f3w: Stowarzyszenie Przyjaci\u00f3\u0142 Wyszkowa, Puszczy Bia\u0142ej i Kamienieckiej, 2007.<\/p>\n<p style=\"text-align: justify;\"><strong>KOZIKOWSKA<\/strong> Halina, <strong>GA\u0141\u0104ZKA <\/strong>Kazimierz, <strong>URBA\u0143SKI <\/strong>Stanis\u0142aw: Na chwa\u0142\u0119 Bogu : historia pierwszego dziesi\u0119ciolecia parafii p.w. \u015awi\u0119tej Rodziny w Wyszkowie. Wyszk\u00f3w: Parafia p. w. \u015awi\u0119tej Rodziny, 2011.<\/p>\n<p style=\"text-align: justify;\"><strong>KRAJEWSKI<\/strong> Kazimierz: &#8220;\u017bo\u0142nierze Wykl\u0119ci&#8221; Ziemi Wyszkowskiej 1944-1952. Wyszk\u00f3w: \u201eFundacja Pami\u0119tamy\u201d, 2009.<\/p>\n<p style=\"text-align: justify;\"><strong>KRZYWI\u0143SKI<\/strong> Waldemar: Historia kultu \u015bw. Idziego w Wyszkowie. Wyszk\u00f3w: Parafia Rzymskokatolicka \u015bw. Idziego, 2005.<\/p>\n<p style=\"text-align: justify;\"><strong>MICKIEWICZ<\/strong> Adam M.: Dzieje i wsp\u00f3\u0142czesno\u015b\u0107 Liceum Og\u00f3lnokszta\u0142c\u0105cego w Wyszkowie. Wyszk\u00f3w: \u201eEdytor\u201d, 2004.<\/p>\n<p style=\"text-align: justify;\"><strong>MIECZKOWSKI<\/strong> Wiktor: Bolszewicy w polskiej plebanii. Oprac. Micha\u0142 Grzybowski. P\u0142ock: s. n., 2007.<\/p>\n<p style=\"text-align: justify;\"><strong>MORAWSKI<\/strong> Zbigniew, <strong>PRZYTOCKA<\/strong> Maria: Ecclesia Viscoviensis : dzieje parafii \u015bw. Idziego w Wyszkowie. Pu\u0142tusk: Akademia Humanistyczna im. Aleksandra Gieysztora, 2006.<\/p>\n<p style=\"text-align: justify;\"><strong>P\u0141OCHOCKI<\/strong> Piotr: Harcerze z Liceum. Wyszk\u00f3w: Komitet Organizacyjny Obchod\u00f3w 100-lecia I LO im. C.K. Norwida &#8211; Stowarzyszenie, 2014.<\/p>\n<p style=\"text-align: justify;\"><strong>ROMAN<\/strong> Jan: Viscovia &#8211; Wyszk\u00f3w na przestrzeni minionych wiek\u00f3w. (maszynopis), 1948?. [Praca mgr. in\u017c. arch. Jana Romana znajdowa\u0142a si\u0119 w zbiorach dawnego Muzeum Miejskiego w Wyszkowie. Obecne losy oryginalnego maszynopisu (praca nigdy nie zosta\u0142a oficjalnie wydana) s\u0105 nieznane.]<\/p>\n<p style=\"text-align: justify;\"><strong>SHTOKFISH<\/strong> Dawid: Sefer Vishkov. Nowy Jork: s. n., 1964.<br \/>\n[Tytu\u0142 zawiera b\u0142\u0119dn\u0105 nazw\u0119 miasta. Viskov to niemiecka nazwa Wyszkowa (Vy\u0161kova) po\u0142o\u017conego w Czechach &#8211; przyp. Piotr J. Kosi\u0144ski.]<\/p>\n<p style=\"text-align: justify;\"><strong>STACHECKI<\/strong> Pawe\u0142: Dzia\u0142ania Grupy Operacyjnej &#8220;Wyszk\u00f3w&#8221; w kampanii wrze\u015bniowej 1939 r. : ho\u0142d gen. bryg. Wincentemu Kowalskiemu, oficerom i jego \u017co\u0142nierzom wrze\u015bnia. Wyszk\u00f3w: Zwi\u0105zek Pi\u0142sudczyk\u00f3w RP TPJP. Okr\u0119g Nadbu\u017ca\u0144ski, 2015.<\/p>\n<p><strong>SZCZEPA\u0143SKI<\/strong> Janusz: Wojna polsko-sowiecka 1920 roku na Ziemi Wyszkowskiej. Wyszk\u00f3w: Towarzystwo Ziemi Wyszkowskiej, 1993.<\/p>\n<p style=\"text-align: justify;\"><strong>SZCZEPA\u0143SKI<\/strong> Janusz: Dzieje Wyszkowa i okolic. Warszawa: Mazowieckie Towarzystwo Kultury, 1998.<\/p>\n<p><strong>SZCZEPA\u0143SKI<\/strong> Janusz: Archiwum w Pu\u0142tusku. Zarys dziej\u00f3w 1973-1998. Warszawa \u2013 Pu\u0142tusk: Naczelna Dyrekcja Archiw\u00f3w Pa\u0144stwowych, 1998.<\/p>\n<p style=\"text-align: justify;\"><strong>SZCZUKA<\/strong> El\u017cbieta: Cmentarz parafialny w Wyszkowie. Wyszk\u00f3w: \u201eEdytor\u201d, 2012.<\/p>\n<p style=\"text-align: justify;\"><strong>ZIEMIECKI<\/strong> Dionizy, <strong>RYTEL<\/strong> Antoni: Wyszk\u00f3w i okolice. Wyszk\u00f3w: Krajowa Agencja Wydawnicza, 1979.<\/p>\n<p style=\"text-align: justify;\"><strong>\u017bEROMSKI<\/strong> Stefan: Na probostwie w Wyszkowie, [w:] Inter arma. Warszawa &#8211; Krak\u00f3w: s. n., 1920.<\/p>\n<p style=\"text-align: justify;\"><strong>\u017bYWIRSKA<\/strong> Maria: Puszcza Bia\u0142a : jej dzieje i kultura. Wyd. 2. Warszawa: Stowarzyszenie Przyjaci\u00f3\u0142 Wyszkowa, Puszczy Bia\u0142ej i Kamienieckiej, 2009.<\/p>\n<hr \/>\n<p>&nbsp;<\/p>\n<p><strong>ARTYKU\u0141Y W WYDAWNICTWACH CI\u0104G\u0141YCH (CZASOPISMACH)<\/strong><\/p>\n<p style=\"text-align: justify;\"><strong>D\u0104BROWSKI<\/strong> Jerzy: Na Bugu ju\u017c nie biel\u0105 si\u0119 \u017cagle. \u201eZeszyty Wyszkowskie\u201d 2012, z. 6, s. 60-71.<\/p>\n<p><strong>BURSZTA<\/strong> J\u00f3zef: Znamiona bartne w Puszczy Wyszkowskiej. \u201eLud\u201d 1954, t. 41, cz. 1, s. 530 &#8211; 537.<\/p>\n<p style=\"text-align: justify;\"><strong>ELWARD<\/strong> Ireneusz: Wyszkowska huta szk\u0142a. \u201eZeszyty Wyszkowskie\u201d 2006, z. 2, s. 7-13.<\/p>\n<p style=\"text-align: justify;\"><strong>KOSI\u0143SKI<\/strong> Piotr J.: Wyszkowska Wytw\u00f3rnia Maszyn Rolniczych. \u201eZeszyty Wyszkowskie\u201d 2018, z. 7, s. 19-22.<\/p>\n<p style=\"text-align: justify;\"><strong>KOZEK<\/strong> Stefan: Tajne nauczanie na terenie Wyszkowa i najbli\u017cszej okolicy w latach 1939-1945. \u201eZeszyty Wyszkowskie\u201d 2018, z. 7, s. 23-34.<\/p>\n<p style=\"text-align: justify;\"><strong>NOWAKOWSKI<\/strong> Zbigniew: Na pocz\u0105tku by\u0142 krzemie\u0144. \u201eZeszyty Wyszkowskie\u201d 2009, z. 5, s. 91-102.<\/p>\n<p style=\"text-align: justify;\"><strong>NOWAKOWSKI<\/strong> Zbigniew: \u2026a potem nasta\u0142y czasy metali: br\u0105zu i \u017celaza. \u201eZeszyty Wyszkowskie\u201d 2012, z. 6, s. 103-120.<\/p>\n<p style=\"text-align: justify;\"><strong>PIOTROWSKI<\/strong> Pawe\u0142: Walki odwrotowe oddzia\u0142\u00f3w polskich w rejonie Wyszkowa w 1920 roku. \u201eZeszyty Wyszkowskie\u201d 2012, z. 6, s. 7-20.<\/p>\n<p style=\"text-align: justify;\"><strong>POWIERZA<\/strong> Miros\u0142aw: Cmentarze wojenne z okresu I wojny \u015bwiatowej na terenie Puszczy Bia\u0142ej (cz. I). \u201eZeszyty Wyszkowskie\u201d 2005, z. 1, s. 9-17.<\/p>\n<p style=\"text-align: justify;\"><strong>POWIERZA<\/strong> Miros\u0142aw: Cmentarze wojenne z okresu I wojny \u015bwiatowej na terenie Puszczy Bia\u0142ej \u2013 cz\u0119\u015b\u0107 II. \u201eZeszyty Wyszkowskie\u201d 2007, z. 3, s. 7-18.<\/p>\n<p style=\"text-align: justify;\"><strong>POWIERZA<\/strong> Miros\u0142aw: Legendy (cz\u0119\u015b\u0107 1). \u201eZeszyty Wyszkowskie\u201d 2009, z. 5, s. 75-80.<\/p>\n<p style=\"text-align: justify;\"><strong>POWIERZA<\/strong> Miros\u0142aw: Tablica z konsekracji ko\u015bcio\u0142a \u015bw. Idziego. \u201eZeszyty Wyszkowskie\u201d 2012, z. 6, s. 126-128.<\/p>\n<p style=\"text-align: justify;\"><strong>POWIERZA<\/strong> Miros\u0142aw: Wyszkowska pompa \u2013 machina prawdziwa. \u201eZeszyty Wyszkowskie\u201d 2012, z. 6, s. 121-125.<\/p>\n<p style=\"text-align: justify;\"><strong>POWIERZA<\/strong> Miros\u0142aw: Obelisk Waz\u00f3w w Wyszkowie. \u201eZeszyty Wyszkowskie\u201d 2018, z. 7, s. 35-46.<\/p>\n<p style=\"text-align: justify;\"><strong>STOKARSKI<\/strong> Tomasz: Bug, poganie, Templariusze. \u201eZeszyty Wyszkowskie\u201d 2005, z. 1, s. 25-30.<\/p>\n<p style=\"text-align: justify;\"><strong>STOKARSKI<\/strong> Tomasz: Kr\u00f3tka historia wyszkowskiego nepomuka. \u201eZeszyty Wyszkowskie\u201d 2007, z. 3, s. 82-84.<\/p>\n<p style=\"text-align: justify;\"><strong>SZYDLIK<\/strong> Robert: Urbanistyka Wyszkowa z 1811 r. i architektura Kamie\u0144czyka w 1827 r. \u201eZeszyty Wyszkowskie\u201d 2008, z. 4, s. 89-92.<\/p>\n<p style=\"text-align: justify;\"><strong>WIDLICKI<\/strong> Miros\u0142aw: Elektrownia miejska Wyszkowa (w latach okupacji niemieckiej). \u201eZeszyty Wyszkowskie\u201d 2007, z. 3, s. 19-26.<\/p>\n<p style=\"text-align: justify;\">\n","protected":false},"excerpt":{"rendered":"<p>sporz\u0105dzona wed\u0142ug zasad Polskiej Normy ISO 690: 2012 autor: Piotr J. Kosi\u0144ski data ostatniej aktualizacji: 17.03.2020 r. &nbsp; WYDAWNICTWA ZWARTE CZERNIAK Lech (red.): Od paleolitu do nowo\u017cytno\u015bci. Archeologiczne badania ratownicze na trasie budowy obwodnicy Wyszkowa. Gda\u0144sk: Wydawnictwo Uniwersytetu Gda\u0144skiego, 2007. DASZKOWSKI Eugeniusz A.: M\u00f3j Wyszk\u00f3w. Szczecin: nak\u0142adem autora, 1996. DASZKOWSKI Eugeniusz A.: Wyszkowskie wspomnienia. Szczecin: [&hellip;]<\/p>\n","protected":false},"author":1,"featured_media":0,"parent":0,"menu_order":0,"comment_status":"closed","ping_status":"closed","template":"","meta":{"footnotes":""},"_links":{"self":[{"href":"https:\/\/wyszkowskaatlantyda.mazowsze.pl\/index.php\/wp-json\/wp\/v2\/pages\/2100"}],"collection":[{"href":"https:\/\/wyszkowskaatlantyda.mazowsze.pl\/index.php\/wp-json\/wp\/v2\/pages"}],"about":[{"href":"https:\/\/wyszkowskaatlantyda.mazowsze.pl\/index.php\/wp-json\/wp\/v2\/types\/page"}],"author":[{"embeddable":true,"href":"https:\/\/wyszkowskaatlantyda.mazowsze.pl\/index.php\/wp-json\/wp\/v2\/users\/1"}],"replies":[{"embeddable":true,"href":"https:\/\/wyszkowskaatlantyda.mazowsze.pl\/index.php\/wp-json\/wp\/v2\/comments?post=2100"}],"version-history":[{"count":15,"href":"https:\/\/wyszkowskaatlantyda.mazowsze.pl\/index.php\/wp-json\/wp\/v2\/pages\/2100\/revisions"}],"predecessor-version":[{"id":2263,"href":"https:\/\/wyszkowskaatlantyda.mazowsze.pl\/index.php\/wp-json\/wp\/v2\/pages\/2100\/revisions\/2263"}],"wp:attachment":[{"href":"https:\/\/wyszkowskaatlantyda.mazowsze.pl\/index.php\/wp-json\/wp\/v2\/media?parent=2100"}],"curies":[{"name":"wp","href":"https:\/\/api.w.org\/{rel}","templated":true}]}}