{"id":2284,"date":"2020-10-19T00:32:30","date_gmt":"2020-10-18T22:32:30","guid":{"rendered":"http:\/\/wyszkowskaatlantyda.mazowsze.pl\/?page_id=2284"},"modified":"2020-10-19T00:32:30","modified_gmt":"2020-10-18T22:32:30","slug":"elzbieta-szczuka","status":"publish","type":"page","link":"https:\/\/wyszkowskaatlantyda.mazowsze.pl\/index.php\/elzbieta-szczuka\/","title":{"rendered":"El\u017cbieta Szczuka"},"content":{"rendered":"<p align=center><img decoding=\"async\" class=\"size-full wp-image-810 aligncenter\" src=\"http:\/\/wyszkowskaatlantyda.mazowsze.pl\/wp-content\/uploads\/2017\/05\/ES-_-foto-cb.jpg\" width=\"500\" srcset=\"https:\/\/wyszkowskaatlantyda.mazowsze.pl\/wp-content\/uploads\/2017\/05\/ES-_-foto-cb.jpg 952w, https:\/\/wyszkowskaatlantyda.mazowsze.pl\/wp-content\/uploads\/2017\/05\/ES-_-foto-cb-300x296.jpg 300w, https:\/\/wyszkowskaatlantyda.mazowsze.pl\/wp-content\/uploads\/2017\/05\/ES-_-foto-cb-768x758.jpg 768w\" sizes=\"(max-width: 952px) 100vw, 952px\" \/><\/p>\n<p align=\"justify\"><b>El\u017cbieta Szczuka<\/b> \u2013 spo\u0142ecznik, dziennikarka, regionalistka. Absolwentka Wydzia\u0142u In\u017cynierii L\u0105dowej Politechniki Warszawskiej oraz studi\u00f3w podyplomowych w Szkole Wy\u017cszej im. Paw\u0142a W\u0142odkowica w P\u0142ocku w zakresie matematyki, wychowania muzycznego i wychowania plastycznego. Od 1994 r. zwi\u0105zana z pras\u0105 lokaln\u0105 &#8211; najpierw z \u201eWyszkowiakiem\u201d, a od 1998 r. z <a href=\"http:\/\/nowywyszkowiak.pl\/historia-ziemi-wyszkowskiej.html\" target=\"_blank\" rel=\"noopener noreferrer\">\u201eNowym Wyszkowiakiem\u201d<\/a>. W kr\u0119gu jej zainteresowa\u0144 jest m.in. historia Wyszkowa oraz os\u00f3b zwi\u0105zanych z tym miastem. Autorka ksi\u0105\u017cki \u201eCmentarz parafialny w Wyszkowie\u201d (2012 r.), wsp\u00f3\u0142autorka (z Adamem Mickiewiczem i Piotrem P\u0142ochockim, 2014 r.) publikacji o historii I Liceum im. Cypriana Kamila Norwida w Wyszkowie \u201eW 100-lecie Gimnazjum i Liceum\u201d. Od kilku lat gromadzi informacje o genialnym kryptologu Jerzym R\u00f3\u017cyckim, absolwencie z 1926 r. wyszkowskiego gimnazjum.<\/p>\n","protected":false},"excerpt":{"rendered":"<p>El\u017cbieta Szczuka \u2013 spo\u0142ecznik, dziennikarka, regionalistka. Absolwentka Wydzia\u0142u In\u017cynierii L\u0105dowej Politechniki Warszawskiej oraz studi\u00f3w podyplomowych w Szkole Wy\u017cszej im. Paw\u0142a W\u0142odkowica w P\u0142ocku w zakresie matematyki, wychowania muzycznego i wychowania plastycznego. Od 1994 r. zwi\u0105zana z pras\u0105 lokaln\u0105 &#8211; najpierw z \u201eWyszkowiakiem\u201d, a od 1998 r. z \u201eNowym Wyszkowiakiem\u201d. W kr\u0119gu jej zainteresowa\u0144 jest m.in. [&hellip;]<\/p>\n","protected":false},"author":1,"featured_media":0,"parent":0,"menu_order":0,"comment_status":"closed","ping_status":"closed","template":"","meta":{"footnotes":""},"_links":{"self":[{"href":"https:\/\/wyszkowskaatlantyda.mazowsze.pl\/index.php\/wp-json\/wp\/v2\/pages\/2284"}],"collection":[{"href":"https:\/\/wyszkowskaatlantyda.mazowsze.pl\/index.php\/wp-json\/wp\/v2\/pages"}],"about":[{"href":"https:\/\/wyszkowskaatlantyda.mazowsze.pl\/index.php\/wp-json\/wp\/v2\/types\/page"}],"author":[{"embeddable":true,"href":"https:\/\/wyszkowskaatlantyda.mazowsze.pl\/index.php\/wp-json\/wp\/v2\/users\/1"}],"replies":[{"embeddable":true,"href":"https:\/\/wyszkowskaatlantyda.mazowsze.pl\/index.php\/wp-json\/wp\/v2\/comments?post=2284"}],"version-history":[{"count":10,"href":"https:\/\/wyszkowskaatlantyda.mazowsze.pl\/index.php\/wp-json\/wp\/v2\/pages\/2284\/revisions"}],"predecessor-version":[{"id":2294,"href":"https:\/\/wyszkowskaatlantyda.mazowsze.pl\/index.php\/wp-json\/wp\/v2\/pages\/2284\/revisions\/2294"}],"wp:attachment":[{"href":"https:\/\/wyszkowskaatlantyda.mazowsze.pl\/index.php\/wp-json\/wp\/v2\/media?parent=2284"}],"curies":[{"name":"wp","href":"https:\/\/api.w.org\/{rel}","templated":true}]}}